s 2787 a composite number?
True
Is 279231 composite?
True
Is 3599 composite?
True
Is 91867 a composite number?
False
Is 251461 composite?
True
Is 14969 composite?
False
Is 2279 a composite number?
True
Is 186689 composite?
False
Is 1637 a prime number?
True
Is 28733 prime?
False
Is 84691 prime?
True
Is 6159 composite?
True
Is 1230854 prime?
False
Is 234887 prime?
False
Is 11851 a composite number?
True
Is 675959 a composite number?
False
Is 2722 a prime number?
False
Is 603101 a composite number?
False
Is 167767 a composite number?
True
Is 33247 prime?
True
Is 1261 a composite number?
True
Is 42421 a prime number?
False
Is 147419 composite?
False
Is 575279 prime?
False
Is 647909 a prime number?
True
Is 347869 a composite number?
True
Is 867655 prime?
False
Is 7135 a prime number?
False
Is 267 prime?
False
Is 2993767 composite?
True
Is 30959 a composite number?
True
Is 2647 composite?
False
Is 5347 prime?
True
Is 25001 composite?
True
Is 8387 a prime number?
True
Is 1576919 prime?
False
Is 309226 a composite number?
True
Is 86069 prime?
True
Is 35831 a prime number?
True
Is 320111 prime?
False
Is 70373 composite?
False
Is 273503 a composite number?
False
Is 1249 composite?
False
Is 53759 prime?
True
Is 785839 a composite number?
False
Is 254591 a composite number?
True
Is 21818 prime?
False
Is 21254 a prime number?
False
Is 14699 composite?
False
Is 14963 prime?
False
Is 5087 prime?
True
Is 35771 a composite number?
False
Is 10007 prime?
True
Is 537986 a composite number?
True
Is 222773 prime?
True
Is 6598 a prime number?
False
Is 211619 a prime number?
True
Is 3587279 a prime number?
True
Is 269931 a composite number?
True
Is 5981 a prime number?
True
Is 5383 prime?
False
Is 22577 prime?
False
Is 409679 a prime number?
False
Is 475951 a prime number?
False
Is 82457 composite?
False
Is 8483 a composite number?
True
Is 57871 a prime number?
False
Is 80839 a composite number?
True
Is 1369597 composite?
False
Is 2333 prime?
True
Is 136021 composite?
True
Is 2175403 a composite number?
True
Is 1586341 a prime number?
False
Is 104417 prime?
True
Is 2606545 prime?
False
Is 143097 a prime number?
False
Is 2738681 a prime number?
False
Is 84457 composite?
False
Is 522589 composite?
True
Is 6773 a composite number?
True
Is 912167 a prime number?
True
Is 25523 a composite number?
False
Is 95393 a composite number?
False
Is 430259 prime?
True
Is 264683 composite?
True
Is 91421 a composite number?
True
Is 5969 prime?
False
Is 217831 a composite number?
True
Is 5189 prime?
True
Is 18833 composite?
True
Is 296603 a prime number?
False
Is 333563 composite?
False
Is 785443 a prime number?
False
Is 320533 composite?
False
Is 20593 a composite number?
False
Is 5981 composite?
False
Is 1335038 a composite number?
True
Is 22189 a prime number?
True
Is 10007 a composite number?
False
Is 598613 composite?
False
Is 3649 prime?
False
Is 284407 prime?
True
Is 24781 a prime number?
True
Is 123973 composite?
False
Is 58271 prime?
True
Is 83177 a composite number?
False
Is 15487 composite?
True
Is 990137 prime?
True
Is 4871 a composite number?
False
Is 160309 a composite number?
False
Is 821 a composite number?
False
Is 404381 a prime number?
True
Is 3545 prime?
False
Is 2823 a prime number?
False
Is 19717 a composite number?
False
Is 15943 a prime number?
False
Is 11003 a composite number?
False
Is 16535 a composite number?
True
Is 32159 a composite number?
False
Is 877 prime?
True
Is 42821 prime?
True
Is 23259 prime?
False
Is 336923 composite?
True
Is 25822 prime?
False
Is 10221 prime?
False
Is 223 composite?
False
Is 10909 composite?
False
Is 21849 a prime number?
False
Is 175543 prime?
True
Is 945995 composite?
True
Is 11654 prime?
False
Is 49139 composite?
False
Is 748633 composite?
False
Is 59227 a composite number?
True
Is 261281 prime?
True
Is 400627 a prime number?
False
Is 4861 a composite number?
False
Is 46259 composite?
True
Is 8803 composite?
False
Is 11467 a prime number?
True
Is 71663 prime?
True
Is 4629 prime?
False
Is 9007 a composite number?
False
Is 32149 a composite number?
True
Is 1770749 a composite number?
True
Is 87991 composite?
False
Is 1379263 a prime number?
True
Is 2155 composite?
True
Is 2395 composite?
True
Is 1742449 a composite number?
True
Is 28559 a prime number?
True
Is 5879 a composite number?
False
Is 81281 composite?
False
Is 29717 composite?
False
Is 2958019 a prime number?
True
Is 205381 a prime number?
False
Is 10729 a prime number?
True
Is 802 a prime number?
False
Is 5951 prime?
False
Is 49103 prime?
True
Is 4871 composite?
False
Is 393123 a prime number?
False
Is 420649 composite?
True
Is 673 composite?
False
Is 1505221 a composite number?
True
Is 230647 a prime number?
True
Is 105817 a prime number?
True
Is 4987 a composite number?
False
Is 2519 composite?
True
Is 27299 a prime number?
True
Is 257 a prime number?
True
Is 379 composite?
False
Is 7717 a composite number?
False
Is 26621 a composite number?
True
Is 3593 a prime number?
True
Is 403241 a prime number?
True
Is 183611 a prime number?
True
Is 11597 a prime number?
True
Is 31791 a prime number?
False
Is 12343 composite?
False
Is 50185 a prime number?
False
Is 64597 composite?
True
Is 3203 prime?
True
Is 674551 a prime number?
True
Is 123049 a composite number?
False
Is 281879 a composite number?
True
Is 8801 a composite number?
True
Is 1451209 prime?
True
Is 11437 prime?
True
Is 16715 prime?
False
Is 73685 composite?
True
Is 4487 prime?
False
Is 2532067 a prime number?
True
Is 2923 prime?
False
Is 11203 prime?
False
Is 82483 a prime number?
True
Is 554317 composite?
False
Is 4391 composite?
False
Is 27179 a prime number?
True
Is 342259 composite?
True
Is 20741 composite?
True
Is 274877 composite?
True
Is 26303 a composite number?
True
Is 131743 composite?
False
Is 3593 a composite number?
False
Is 3683 a prime number?
False
Is 12953 prime?
True
Is 11695 composite?
True
Is 1580561 a prime number?
True
Is 79579 composite?
False
Is 228103 a composite number?
False
Is 9077 prime?
False
Is 918805 a prime number?
False
Is 52958 a composite number?
True
Is 380893 a prime number?
False
Is 11717 composite?
False
Is 20021 prime?
True
Is 12323 a composite number?
False
Is 179567 a prime number?
False
Is 256642 prime?
False
Is 92249 a prime number?
False
Is 7781 composite?
True
Is 7639 a prime number?
True
Is 307121 a prime number?
True
Is 20303 composite?
True
Is 82883 a prime number?
True
Is 70363 a prime number?
False
Is 232537 a prime number?
False
Is 1833791 prime?
False
Is 493 composite?
True
Is 3421 prime?
False
Is 311603 a prime number?
True
Is 12134 composite?
True
Is 77533 composite?
True
Is 21121 a prime number?
True
Is 31061 composite?
True
Is 31643 prime?
True
Is 213043 a prime number?
True
Is 5623 composite?
False
Is 11273 a prime number?
True
Is 21639 a prime number?
False
Is 13781 a prime number?
True
Is 6115 composite?
True
Is 13829 a prime number?
True
Is 1273 prime?
False
Is 60719 prime?
True
Is 104035 a composite number?
True
Is 726331 prime?
True
Is 1067639 a composite number?
False
Is 171755 a prime number?
False
Is 871 a composite number?
True
Is 15187 a prime number?
True
Is 50327 a composite number?
True
Is 7873 a prime number?
True
Is 11459 a prime number?
False
Is 29599 composite?
False
Is 679 a composite number?
True
Is 12793 composite?
True
Is 787 prime?
True
Is 15727 a prime number?
True
Is 737 composite?
True
Is 740429 prime?
True
Is 63901 a prime number?
True
Is 98313 a composite number?
True
Is 1339891 a composite number?
True
Is 15969 a composite number?
True
Is 17693 composite?
True
Is 806291 composite?
False
Is 34421 composite?
False
Is 135799 a composite number?
False
Is 15419 a composite number?
True
Is 52037 a composite number?
True
Is 153167 a prime number?
False
Is 211969 a composite number?
False
Is 35353 a prime number?
True
Is 48049 a composite number?
False
Is 10055 prime?
False
Is 171959 prime?
False
Is 99859 a composite number?
False
Is 186413 composite?
True
Is 863 a composite number?
False
Is 1024783 a composite number?
False
Is 275513 prime?
False
Is 109513 prime?
False
Is 615971 a composite number?
False
Is 107671 a composite number?
False
Is 583337 composite?
False
Is 7617 a composite number?
True
Is 34499 composite?
False
I